 of 16501815.
3, 5, 11, 17, 37, 53
List the prime factors of 324071.
11, 17, 1733
What are the prime factors of 112625?
5, 17, 53
What are the prime factors of 12758515?
5, 7, 11, 31, 1069
List the prime factors of 6180815.
5, 1236163
List the prime factors of 76577.
73, 1049
List the prime factors of 9924377.
2339, 4243
What are the prime factors of 170478?
2, 3, 7, 11, 41
List the prime factors of 57815.
5, 31, 373
List the prime factors of 913728.
2, 3, 4759
What are the prime factors of 3059879?
107, 28597
List the prime factors of 841489.
11, 227, 337
List the prime factors of 2380567.
7, 19, 2557
What are the prime factors of 2698343?
751, 3593
List the prime factors of 184244.
2, 46061
List the prime factors of 8514031.
307, 27733
List the prime factors of 14073248.
2, 7, 62827
List the prime factors of 13431954.
2, 3, 23, 131, 743
What are the prime factors of 3503177?
307, 11411
List the prime factors of 179290.
2, 5, 17929
What are the prime factors of 2027069?
11, 184279
What are the prime factors of 2507162?
2, 7, 179083
List the prime factors of 4688829.
3, 520981
List the prime factors of 471841.
471841
List the prime factors of 5584450.
2, 5, 67, 1667
List the prime factors of 10487864.
2, 181, 7243
What are the prime factors of 2101467?
3, 151, 4639
What are the prime factors of 13002?
2, 3, 11, 197
What are the prime factors of 1793960?
2, 5, 7, 43, 149
List the prime factors of 1006542.
2, 3, 199, 281
What are the prime factors of 1824004?
2, 7, 13, 5011
What are the prime factors of 49385?
5, 7, 17, 83
List the prime factors of 5171136.
2, 3, 23, 1171
List the prime factors of 765644.
2, 11, 17401
List the prime factors of 19347227.
643, 30089
List the prime factors of 5444452.
2, 13, 104701
List the prime factors of 3850665.
3, 5, 7, 13, 31
List the prime factors of 474492.
2, 3, 39541
What are the prime factors of 20144662?
2, 1831, 5501
List the prime factors of 495942.
2, 3, 82657
List the prime factors of 4688905.
5, 13, 31, 179
List the prime factors of 12879693.
3, 17, 84181
List the prime factors of 1041181.
19, 54799
What are the prime factors of 12147594?
2, 3, 2024599
What are the prime factors of 2977635?
3, 5, 17, 11677
What are the prime factors of 20955901?
433, 48397
What are the prime factors of 111230?
2, 5, 7, 227
What are the prime factors of 409346?
2, 7, 4177
List the prime factors of 2851717.
11, 43, 6029
What are the prime factors of 954924?
2, 3, 17, 31, 151
What are the prime factors of 2726?
2, 29, 47
What are the prime factors of 288356?
2, 72089
What are the prime factors of 254057?
239, 1063
What are the prime factors of 4686339?
3, 7, 17, 13127
What are the prime factors of 5468568?
2, 3, 7, 43, 757
List the prime factors of 1301396.
2, 325349
What are the prime factors of 91709?
293, 313
List the prime factors of 341374.
2, 11, 59, 263
What are the prime factors of 154147?
7, 19, 61
What are the prime factors of 18464819?
18464819
What are the prime factors of 4846379?
4846379
List the prime factors of 2884621.
2884621
What are the prime factors of 10091818?
2, 11, 458719
List the prime factors of 27100874.
2, 13550437
What are the prime factors of 1492909?
11, 135719
List the prime factors of 302891.
302891
What are the prime factors of 220198?
2, 11, 10009
List the prime factors of 16214.
2, 11, 67
List the prime factors of 1980268.
2, 495067
List the prime factors of 273194.
2, 23, 5939
List the prime factors of 2046151.
2046151
What are the prime factors of 1051785?
3, 5, 7, 53
What are the prime factors of 6213543?
3, 7, 43, 983
What are the prime factors of 138688?
2, 11, 197
What are the prime factors of 346969?
7, 73, 97
What are the prime factors of 7371586?
2, 101, 36493
What are the prime factors of 214716?
2, 3, 29, 617
List the prime factors of 852708.
2, 3, 71059
What are the prime factors of 2185462?
2, 1092731
List the prime factors of 125043.
3, 41681
List the prime factors of 98820.
2, 3, 5, 61
List the prime factors of 2239095.
3, 5, 113, 1321
List the prime factors of 5145651.
3, 7, 81677
What are the prime factors of 638337?
3, 7, 113, 269
List the prime factors of 13199726.
2, 503, 13121
What are the prime factors of 172972?
2, 83, 521
List the prime factors of 5295955.
5, 7, 337, 449
What are the prime factors of 27113451?
3, 9037817
What are the prime factors of 1254794?
2, 83, 7559
What are the prime factors of 3857378?
2, 7, 5623
List the prime factors of 349059.
3, 307, 379
List the prime factors of 2016700.
2, 5, 7, 43, 67
What are the prime factors of 287956?
2, 193, 373
What are the prime factors of 11950221?
3, 19, 31, 6763
What are the prime factors of 4403769?
3, 41, 35803
List the prime factors of 24824.
2, 29, 107
List the prime factors of 4388392.
2, 19, 28871
What are the prime factors of 520740?
2, 3, 5, 11, 263
What are the prime factors of 343292?
2, 19, 4517
List the prime factors of 4560004.
2, 89, 12809
List the prime factors of 350594.
2, 307, 571
What are the prime factors of 4226190?
2, 3, 5, 179, 787
List the prime factors of 6792566.
2, 11, 283, 1091
List the prime factors of 429412.
2, 31, 3463
List the prime factors of 231281.
41, 5641
List the prime factors of 15384341.
7, 37, 59399
List the prime factors of 91082.
2, 45541
List the prime factors of 719666.
2, 151, 2383
List the prime factors of 339190.
2, 5, 107, 317
What are the prime factors of 359324?
2, 7, 41, 313
What are the prime factors of 3606981?
3, 7, 171761
What are the prime factors of 43506?
2, 3, 2417
List the prime factors of 141754.
2, 70877
List the prime factors of 107385.
3, 5, 7159
What are the prime factors of 5472269?
11, 497479
List the prime factors of 159873.
3, 7, 23, 331
List the prime factors of 197125.
5, 19, 83
List the prime factors of 7725713.
7725713
What are the prime factors of 583266?
2, 3, 41, 2371
List the prime factors of 959505.
3, 5, 47, 1361
List the prime factors of 2159334.
2, 3, 119963
What are the prime factors of 195327?
3, 11, 1973
What are the prime factors of 4137701?
4137701
List the prime factors of 3884556.
2, 3, 13, 37, 673
What are the prime factors of 165455?
5, 33091
What are the prime factors of 322418?
2, 37, 4357
What are the prime factors of 12737154?
2, 3, 2122859
What are the prime factors of 14616247?
23, 59, 10771
What are the prime factors of 1397278?
2, 29, 24091
What are the prime factors of 9750310?
2, 5, 211, 4621
List the prime factors of 118857.
3, 39619
What are the prime factors of 429494?
2, 13, 16519
List the prime factors of 9318146.
2, 4659073
What are the prime factors of 4104035?
5, 13, 103, 613
What are the prime factors of 1910103?
3, 13, 17, 43, 67
List the prime factors of 2350777.
11, 13, 17, 967
What are the prime factors of 923548?
2, 373, 619
What are the prime factors of 2984129?
17, 29, 6053
What are the prime factors of 98942?
2, 61, 811
List the prime factors of 1091021.
1091021
List the prime factors of 758608.
2, 17, 2789
What are the prime factors of 717932?
2, 179483
List the prime factors of 531165.
3, 5, 17, 2083
What are the prime factors of 68708?
2, 89, 193
List the prime factors of 11367464.
2, 1420933
What are the prime factors of 32182042?
2, 16091021
List the prime factors of 8835079.
11, 803189
List the prime factors of 407451.
3, 11, 12347
List the prime factors of 24695537.
23, 523, 2053
What are the prime factors of 5010724?
2, 1252681
What are the prime factors of 16630497?
3, 13, 307, 463
What are the prime factors of 1040114?
2, 29, 79, 227
List the prime factors of 1928661.
3, 7, 91841
List the prime factors of 5275019.
41, 128659
List the prime factors of 194318.
2, 97159
List the prime factors of 167518.
2, 13, 17, 379
List the prime factors of 1542548.
2, 7, 89, 619
What are the prime factors of 2954734?
2, 31, 47657
What are the prime factors of 1240839?
3, 15319
List the prime factors of 386705.
5, 11, 79, 89
List the prime factors of 840740.
2, 5, 127, 331
What are the prime factors of 17967277?
227, 79151
What are the prime factors of 770379?
3, 491, 523
List the prime factors of 527715.
3, 5, 1303
What are the prime factors of 282134?
2, 141067
List the prime factors of 4580704.
2, 43, 3329
List the prime factors of 8521528.
2, 31, 34361
List the prime factors of 4223